p(j) = 58*j**2 - 7 - 18*j**2 - 19*j**2 - 3*j. Let n be p(-2). Suppose -8*b = -189 - n. What are the prime factors of b?
2, 17
Let b be 6/(-7 - -37)*-5. What are the prime factors of (38668/(-140))/(b/5)?
1381
Let c(d) be the second derivative of 5*d**4/12 - 13*d**3/6 + 17*d**2 + 27*d. Let b be c(11). Suppose b = 3*s + 124. List the prime factors of s.
2, 31
List the prime factors of 2/(-9) - 1403612/(-36).
127, 307
Let s = -3151 + 4482. Let g = -72 + s. What are the prime factors of g?
1259
Suppose -61 = -4*v + 4*q + q, q = 3*v - 32. Suppose 4*o - v*o = 2*w - 3331, 2*o + w = 1333. List the prime factors of o.
5, 7, 19
What are the prime factors of 12*(12/(-22) - 192036/(-198))?
2, 727
What are the prime factors of (-6416504)/(-360) + (-2)/9 - (-300)/(-750)?
3, 13, 457
Suppose -5274*w + 5259*w = -126495. List the prime factors of w.
3, 937
Let m(i) = i**2 + 3*i + 31. Let s be m(0). Suppose -2*d - 210 = -2*z, 8*z - 3*z - 525 = 3*d. Suppose 2*c - s - z = 0. List the prime factors of c.
2, 17
Let o be 2/4 - 1/((-2)/21). Suppose -5*u + 54 = -o*u. What are the prime factors of (-1695)/(-10)*(-6)/u?
113
Let p = 357 + 10155. What are the prime factors of p?
2, 3, 73
Suppose -3*f = 15, -2*h + 5*f + 3063 = -0*f. Let c = h + -786. What are the prime factors of c?
733
Suppose 10*t + 14*t + 215715 = 603771. List the prime factors of t.
19, 23, 37
Let m(o) = 1893*o + 13159. What are the prime factors of m(22)?
5, 97, 113
Let d be (3 - (3 - -1))*-286. Let a = 95 - d. Let r = a - -318. List the prime factors of r.
127
Let g(n) = 474*n**2 + 146*n - 1583. What are the prime factors of g(12)?
5, 7, 17, 23
Suppose 0*s - 2*s + 189 = 3*n, -5*s = 5*n - 470. Let d be 6/(-10) + 132/(-5). Let a = s + d. List the prime factors of a.
2, 3, 11
Let q(g) = -514*g - 12044. List the prime factors of q(-31).
2, 5, 389
Let b(s) = -77*s + 74. Let x be b(-16). Suppose -x = -2*g + 2436. List the prime factors of g.
1871
Let k(d) be the second derivative of 2*d**3/3 + 107*d**2/2 - 52*d. What are the prime factors of k(-9)?
71
Let z = 6942 + -1595. List the prime factors of z.
5347
Let u = 17040 + -4772. What are the prime factors of u?
2, 3067
Suppose 10*p - 13*p = 3*b - 11868, -4*b + 19785 = 5*p. Suppose -8*y + p - 201 = 0. What are the prime factors of y?
2, 5, 47
Let l = -3845 - -10871. List the prime factors of l.
2, 3, 1171
Suppose 7*z - 4 = 17. Suppose -z*x + 9*x = 1368. What are the prime factors of x?
2, 3, 19
Suppose 1379*l - 110396 = 1368*l. List the prime factors of l.
2, 13, 193
Let j be (-4)/(0 + 4)*-5. Suppose -10*f = -13*f - 4*u + 3987, -6674 = -j*f + 3*u. What are the prime factors of f?
31, 43
Let k(g) = g**3 - 3*g**2 - g - 17. Suppose -5*f + 4*c + 60 = 0, -4*c = -f - 0*c + 28. What are the prime factors of k(f)?
5, 59
Suppose 2283744 = 181*b - 1124305. List the prime factors of b.
19, 991
Suppose k - 7 = -2*b + 2, 0 = -b + k. Suppose 5*j = -5*t + 2375, -1425 = -0*t - b*t - 4*j. List the prime factors of t.
5, 19
Let o(s) be the first derivative of s**3/3 - 7*s**2/2 + 37*s + 21. List the prime factors of o(9).
5, 11
Let s(u) = -u - 8. Let x be s(4). Let t = -4 - x. Suppose -9*n + t*n + 10 = 0. List the prime factors of n.
2, 5
Suppose 4*k = 2*k + 124. Let v be (-8)/(-6) + (-6783)/(-63). Let g = v - k. List the prime factors of g.
47
Suppose -101297 = -8661*u + 8654*u. What are the prime factors of u?
29, 499
Suppose 5*n = 10950 + 38440. List the prime factors of n.
2, 11, 449
Let p be 541487/235 + -1*(-1)/(-5). Let k be (p/10)/(-2)*-15. Suppose 0 = -5*j + k - 258. What are the prime factors of j?
2, 3, 7
Let s(z) = 24*z**2 - 4*z - 6. Let p be s(3). Let l = p + 6. What are the prime factors of l?
2, 3, 17
Let g(n) be the third derivative of -n**5/60 - 2*n**4/3 + 517*n**3/3 + 19*n**2 + 3*n. What are the prime factors of g(0)?
2, 11, 47
Let k be 1 - 3/9 - (-6)/(-9). Suppose k*a + 3*y + 542 = 2*a, -1084 = -4*a - y. What are the prime factors of a?
271
Let d(f) = -f + 16. Let m be d(-8). Suppose -4*b - b + m = -u, -10 = -5*b. Let j = u + 79. List the prime factors of j.
5, 13
Let b(v) = 5*v**2 - 6*v + 5. Suppose 6*t - 20 = 2*t. Let o be b(t). Suppose 320 = 5*g - o. List the prime factors of g.
2, 3, 7
Let o(d) = -2*d**3 + 9*d**2 - 9*d + 5. Let t be o(5). Let y = 67 + t. Suppose -60 = -y*q + 32. List the prime factors of q.
2, 23
Let i(j) = 4*j**3 - 12*j**2 + 35*j - 239. What are the prime factors of i(13)?
2, 109
Let p(q) = -6*q**3 - 27*q**2 + 57*q + 325. List the prime factors of p(-23).
13, 4441
Suppose -5*n + 225 = -3*a, 42 = n - 3*a - 15. Let q = -61 + 35. Let l = n + q. What are the prime factors of l?
2
Let n(h) be the first derivative of 11*h**3/3 - 73*h**2/2 + 42*h + 25. List the prime factors of n(14).
2, 3, 7
Suppose -34*u = -10*u + 1555344. List the prime factors of (-4)/32 + u/(-48).
2, 3, 5
Let g be (2/6)/((-2)/(-16 - -4)). Suppose -v + 3*n + 178 = 0, -g*n + 168 = v - 3*n. Suppose -2*l + 23 = -v. What are the prime factors of l?
3, 31
Let f(n) = 18 + 3*n**2 + 93*n - 124*n + 0*n**2 + 12. List the prime factors of f(22).
2, 5
Let p = 663 + -1136. Let g = 1488 + p. What are the prime factors of g?
5, 7, 29
Let r = -76588 - -112881. What are the prime factors of r?
36293
Suppose -808*y - 57785 - 134012 = -831*y. List the prime factors of y.
31, 269
What are the prime factors of (-22458*(-28)/(-126))/(75/27 + -3)?
2, 3, 19, 197
Let z be (14/(-4) - -1)*(-9 + 7). Suppose z*c - 43 = 2*m, -3*m + 6 + 6 = c. Suppose 0 = 4*r + c - 125. What are the prime factors of r?
29
Let y = 48 + -46. Let j(h) = -129*h**2 - 6 + 147*h**2 - 2 - y. List the prime factors of j(3).
2, 19
Let i(g) = 41*g - 35. Let v(z) = -39*z + 37. Let c(f) = 4*i(f) + 3*v(f). List the prime factors of c(12).
5, 107
Let j(b) = b**3 + 3*b**2 + 3. Let a be j(-3). Suppose 17 = -a*x - 4*o - 0*o, -2*o = 4. What are the prime factors of ((-1)/x*-10)/((-4)/6)?
5
Suppose c + 2*c = -6. Let p be 4149/36 + c/8. Let g = p - 64. What are the prime factors of g?
3, 17
Let t(w) = -58*w - 19. Let d be t(-3). Suppose -m + d = -37. List the prime factors of m.
2, 3
Let r = -12 + 15. Suppose 3*q + 855 = -3*a + 5*a, -r*a + 4*q + 1281 = 0. What are the prime factors of a?
3, 47
Let s = 8842 + -5851. List the prime factors of s.
3, 997
Let b be -1 - 5/(-2)*(-40)/(-25). List the prime factors of 73 + (-11 - -4) + b.
3, 23
Suppose -4*h - 3*h - h = 0. Suppose 13*u + 1158 - 7918 = h. Suppose 17*p - 12*p - u = 0. What are the prime factors of p?
2, 13
Let h = -40699 + 65680. What are the prime factors of h?
3, 11, 757
Let m be (-3)/5 - (-114)/15. Suppose -3*y = -m*y - 4. Let o(k) = -80*k + 1. What are the prime factors of o(y)?
3
Let i(l) = -1956*l + 48. What are the prime factors of i(-3)?
2, 3, 17, 29
Suppose -4*a + 2*f = -1920, 10 = -8*f + 3*f. Let d = 421 + a. List the prime factors of d.
2, 3, 5
Let x(z) = -12*z**3 - 5*z**2 - 3*z + 2. Let q be x(-1). List the prime factors of -5 - (-447 - q) - -1*3.
457
Let f be 0 - -2 - (333 + (-2)/(-1)). Let k = 456 + f. What are the prime factors of k?
3, 41
Suppose -296460 = 71*u - 2741771. What are the prime factors of u?
11, 31, 101
Let m = -4 - 7. Let c be (-33)/m + (-2 - -3). List the prime factors of 269/c + 1/(-4).
67
List the prime factors of (-30)/6 + 7 - (-5 - 62943 - 2).
2, 3, 43, 61
Suppose -46*k + 33378 = -44*k + 2*h, k = 3*h + 16701. What are the prime factors of k?
2, 3, 13, 107
Let l be (-1)/3 - (-114312)/(-99). What are the prime factors of (-3128)/(-46)*(l/12)/(-5)?
7, 11, 17
Let k = -575 + 6217. List the prime factors of k.
2, 7, 13, 31
Let q(o) = 15*o**2 - 57*o + 742. What are the prime factors of q(-45)?
2, 11, 1531
Suppose -4*j = 14*i - 13*i - 6502, -5*j - 26113 = -4*i. List the prime factors of i.
2, 3, 1087
Let x(b) = 3*b**3 + 426*b**2 + 151*b - 122. What are the prime factors of x(-141)?
2, 5, 3823
Suppose -6*w + 48 = -5*w. Let g be (-87272)/w - 2/(-12). What are the prime factors of (-1)/2*g/9?
101
Suppose 100 = 4*k - 4*o, -40*o + 39*o = -1. What are the prime factors of k?
2, 13
Let f(h) = 3*h**2 + 2*h + 69. Suppose -16*t - 49 = -337. List the prime factors of f(t).
3, 359
Suppose -4*x = -2*n - 14, -6*x + 3*x = 4*n - 5. Suppose x*f - 3440 = -26*a + 22*a, 4*a - 3*f - 3440 = 0. What are the prime factors of a?
2, 5, 43
Let b = 545 + -543. Suppose h + b*q = 291